q. What is the greatest common divisor of x and h?
12
Suppose 18*h - 25*h + 59 = -67. What is the greatest common divisor of 7902 and h?
18
Suppose 6*u + 154 = -224. Let f = u - -287. What is the greatest common factor of f and 96?
32
Let j = 11176 - 11119. Calculate the highest common divisor of j and 29697.
57
Let s be -403*(13 + 860/(-65)). What is the greatest common factor of 961 and s?
31
Let x be (-10 - (13 + -11))*10*(-50)/12. Calculate the greatest common factor of x and 4.
4
Let r(n) = n**2 + 46*n + 1361. Let m be r(-47). Calculate the greatest common divisor of 1152 and m.
128
Let p be -6 + 2/(-7) + (-5359)/(-161). Suppose 5*x + 142 = 547. Calculate the greatest common factor of x and p.
27
Let w = 28 + -28. Suppose w = -13*x + x + 24. Suppose -g + 42 = 2*g. What is the greatest common factor of x and g?
2
Suppose 2*p - 4*b - 17673 = 2491, -b - 40300 = -4*p. Calculate the greatest common divisor of p and 46.
46
Let q(b) be the second derivative of 3*b**3 - 2*b. Let v be q(1). Let n = -3310 + 3316. What is the highest common divisor of n and v?
6
Suppose 104*n - 49*n = -114*n + 849056. Calculate the greatest common factor of n and 32.
32
Let q(p) = -2*p**3 + 82*p**2 - 76*p - 26. Let a be q(40). What is the highest common factor of 8 and a?
2
Let m be (-4292)/(-100) - (-134)/1675. What is the greatest common divisor of m and 7?
1
Let t(j) = 4*j**3 - 13*j**2 - 34*j - 22. Let c be t(-4). Let i = 740 + c. Calculate the highest common factor of 90 and i.
30
Let h be 90/14 + (-6)/14. Let x be (-328 - (h - -2))*-4. What is the greatest common factor of 21 and x?
21
Let y be ((-15776)/(-51))/4 - 4/12. What is the greatest common divisor of y and 2079?
77
Suppose 0 = 104*z - 99*z - 585. What is the highest common divisor of 306 and z?
9
Let c = -73 - -117. Let n be 20/(-32)*6*(-11704)/399. What is the greatest common divisor of n and c?
22
Suppose z = 4*h - 200, -3*h + 3*z = z - 150. Let q(l) = 3*l**2 + l - 4. Let c be q(-7). Let i = c + -36. Calculate the greatest common factor of i and h.
50
Let y = 1 + -67. Let i = y - -82. Let g be (i + -10)*2*5. Calculate the highest common factor of g and 20.
20
Let q(i) = -i**3 + 10*i**2 + 55*i - 53. Let n be q(10). What is the greatest common factor of 213 and n?
71
Let q(s) = 5*s - 29. Let h(l) = l + 1. Let c(k) = 2*h(k) + q(k). Let y be c(-8). Let v = 155 + y. Calculate the highest common factor of 8 and v.
8
Let z be (-4 - -877)*3/9. Suppose 3*q + z = 435. Let s = 7 + -1. What is the greatest common divisor of q and s?
6
Suppose 11*q - 16*q + 160 = 0. Let v be (q/12)/((-1)/(-18)). Let j = v + -44. Calculate the highest common divisor of j and 8.
4
Suppose -14*l + 5*l = -990. Suppose 0 = -19*s - 136 + 1181. What is the highest common factor of l and s?
55
Suppose -307 - 2379 = -18*v - 562. What is the highest common factor of 177 and v?
59
Let g be (-1245)/21 - 0 - (-2)/7. Let c = 63 + g. Suppose 2*b - f = 7 + 61, -128 = -c*b + 4*f. What is the highest common factor of 24 and b?
12
Let g = 5 - 5. Let k be 88 - (-1)/(-3)*g. Suppose -9*a + 13*a = p + 5, 3*p - 4*a - 17 = 0. What is the greatest common divisor of k and p?
11
Let h = 44 + -8. Let c be h/(-198) - (-1 - 2820/22). Suppose -2*o + 85 = 2*f - c, -5*f + 529 = 2*o. What is the greatest common factor of 15 and f?
15
Suppose 0 = -2*v - 3*z + 11649, 10*z - 9*z = v - 5832. What is the greatest common factor of v and 201?
201
Let p = 284 - 270. Suppose -4*d + p = 2. Calculate the greatest common divisor of 87 and d.
3
Let y be (-6034)/4*(-35 + 17 + 16). Calculate the highest common factor of y and 7.
7
Suppose -6 = k - 36. Suppose -2*j - 17 + 57 = -5*n, -4*n = -3*j + 60. Calculate the highest common factor of k and j.
10
Suppose -3*y + 192 = 3*y. Suppose 5*x = 92 + 188. What is the greatest common factor of x and y?
8
Let y = 2620 + -2012. Calculate the greatest common divisor of y and 272.
16
Let d(a) = 532*a + 550. Let f be d(-1). What is the greatest common factor of 13650 and f?
6
Suppose -9*l + 2064 - 741 = 0. Suppose -4*k + 0*k = -392. What is the greatest common factor of k and l?
49
Suppose -4*b + 8 = 0, -4*g + 17*b = 13*b + 224. Let w be (-4)/(-22) - g/(-297) - -22. Suppose -42 = -3*i + 57. What is the highest common factor of w and i?
11
Let t be ((-9)/(-2))/(2/(-2 + 6)). Suppose t*r - 4*r - 75 = 0. Let s be ((-10)/(-6))/((-5)/(-270)). Calculate the highest common divisor of r and s.
15
Suppose -3597 = -3*f + w, 0 = -3*f - 52*w + 50*w + 3597. What is the greatest common factor of 327 and f?
109
Let q(r) = 4*r**3 - r**2 - 3. Let t be q(2). Suppose 17*m = t*m - 1800. Calculate the greatest common factor of m and 25.
25
Suppose -5*w - g + 24445 = 0, 3*g + 24425 = 8*w - 3*w. What is the greatest common factor of w and 1034?
94
Let l = -18918 + 19063. What is the greatest common divisor of l and 493?
29
Suppose 5*r = -4*l + 277, -15*l + 16*l = 3. What is the greatest common factor of r and 1643?
53
Suppose -2*i - 11 - 57 = 0. Let r = 85 + i. Let c(m) = 10*m**2 - 8*m + 2. Let u be c(3). What is the highest common divisor of u and r?
17
Let d = 44056 + -43858. What is the greatest common divisor of 21 and d?
3
Let i be (4 + (-241)/(-1) + -1)/1. Suppose 13*q - 81 = i. Calculate the highest common factor of q and 10.
5
Suppose -6573*o - 14464 = -6581*o. What is the greatest common factor of o and 339?
113
Suppose 0 = 3*b + 8*a - 13*a - 298, 0 = 5*b - a - 504. What is the highest common divisor of 9 and b?
1
Suppose 186 = 3*v - 3. Let s(o) = -35*o + 49. Let j be s(-1). What is the highest common factor of j and v?
21
Let x(m) = m**2 + m + 2. Let t be x(6). Suppose -8*v = -4 - t. Suppose v*l = 94 + 602. Calculate the highest common factor of l and 29.
29
Suppose -95*h + 7*w = -90*h - 81698, 4*w + 36 = 0. What is the highest common factor of 87 and h?
29
Let y(w) = -4*w**2 - 6*w + 11. Let h be y(4). Let q = h - -80. Suppose -q*d + 106 - 7 = 0. What is the greatest common divisor of d and 44?
11
Let x = -3971 - -4000. Suppose 3*w + 363 = 4*s, s - 7*w = -2*w + 112. What is the greatest common factor of s and x?
29
Suppose 0 = -2*n - 14 + 26. Let y be (-5)/((-15)/n) + -1. Let p(r) = r**2 + 4*r + 2. Let s be p(-4). Calculate the highest common divisor of s and y.
1
Let n = 71 - 1. Suppose -5*y = -46 + 251. Let w = y - -55. What is the highest common factor of n and w?
14
Let z = -257 - -772. Let b = -324 + z. Let x = b - 106. Calculate the highest common factor of 51 and x.
17
Let u be 820 - ((-4 - -8) + 0). Let q = 3522 + -3506. Calculate the greatest common divisor of q and u.
16
Suppose -3*d - 981 = 3*y, -464 - 182 = 2*y - 2*d. Let s = 557 + y. What is the greatest common divisor of 58 and s?
58
Suppose -5*h = 6 - 56. Let i be -8*(h/(-20) + (-6)/4). What is the highest common divisor of i and 2?
2
Suppose -14*x - 4975 = -13165. Calculate the highest common divisor of 325 and x.
65
Suppose -3*j + 6*j = -5*k + 231, k - 47 = -j. Let t = k + -31. Let h = 24 - t. Calculate the highest common divisor of h and 5.
5
Let f be ((-9)/15 + 7837/170)*98. Calculate the greatest common factor of 91 and f.
91
Let m = 7494 + -5943. What is the greatest common factor of 1974 and m?
141
Suppose 3*y - 323 = -p, -6*y + 2*y = 5*p - 1560. Let k be ((-616)/12)/((10/15)/(-1)). Calculate the highest common factor of k and p.
77
Let r(y) be the second derivative of -y**5/20 + 19*y**4/12 + y**3/3 - 29*y**2/2 - 34*y - 2. Let o be r(19). Calculate the greatest common divisor of o and 18.
9
Let d be (-93)/(-310) - 307/(-10). Suppose 0 = -d*n + 706 + 131. Let f be (6/2)/1 + 0. Calculate the greatest common factor of f and n.
3
Let d(i) = 15*i**2 - 567*i - 99. Let y be d(40). Calculate the highest common divisor of y and 99.
33
Let a be 566/2 + ((-2489)/38 + 55 - 14/(-4)). Suppose 0*v = v - 115. Calculate the highest common divisor of v and a.
23
Let t(f) = 206*f + 115. Let k be t(2). Let n(p) = -p + 29. Let c be n(12). Calculate the greatest common divisor of c and k.
17
Let b = -36 + 43. Suppose 2*o + 10 = 0, -o + b = -l - 2*o. Let f(k) = 2*k**2 - k - 1. Let u be f(l). Calculate the highest common factor of u and 72.
9
Let y = 98 - -110. Let k(d) = -5*d - 8. Let i be k(-4). Suppose -i*s + y = s. What is the greatest common factor of s and 176?
16
Let z(t) = 2*t**2 + 11*t + 38. L